{"id":369,"date":"2023-06-30T09:00:36","date_gmt":"2023-06-30T07:00:36","guid":{"rendered":"http:\/\/bib.scp.ac.at\/?page_id=369"},"modified":"2026-02-19T10:26:15","modified_gmt":"2026-02-19T08:26:15","slug":"oeffnungszeiten","status":"publish","type":"page","link":"https:\/\/bib.scp.ac.at\/","title":{"rendered":"\u00d6ffnungszeiten"},"content":{"rendered":"<p><strong>\u00d6ffnungszeiten<\/strong><\/p>\n<p>.<\/p>\n<p><strong>Zentrale Schulbibliothek<\/strong><\/p>\n<p><em>Stand: 19.02.2026, <a href=\"http:\/\/bib.scp.ac.at\/wp-content\/uploads\/2026\/02\/oeffnungszeiten_260219.pdf\">pdf<\/a><\/em><\/p>\n<p><em>Ge\u00f6ffnet t\u00e4glich ab 7:55 Uhr und in der 10-Uhr-Pause<\/em><\/p>\n<p>Montag<br \/>\n07:55 &#8211; 09:10<br \/>\n10:05 &#8211; 10:20<\/p>\n<p>Dienstag<br \/>\n07:55 &#8211; 08:20<br \/>\n10:05 &#8211; 10:20<br \/>\n11:15 &#8211; 11:50<\/p>\n<p>Mittwoch<br \/>\n07:55 &#8211; 09:10<br \/>\n10:05 &#8211; 10:20<\/p>\n<p>Donnerstag<br \/>\n07:55 &#8211; 10:05<br \/>\n10:05 &#8211; 11:15<\/p>\n<p>Freitag<br \/>\n07:55 &#8211; 08:20<br \/>\n10:05 &#8211; 11:15<\/p>\n<p><em>Dienst: Prof. Willinger (Gymnasium)<\/em><\/p>\n<p>.<\/p>\n<p><strong>Fachbibliothek der BAfEP<\/strong><\/p>\n<p><em>Ge\u00f6ffnet t\u00e4glich in der 10-Uhr-Pause<\/em><\/p>\n<p>s. <a href=\"http:\/\/bafep.scp.ac.at\/fachbibliothek\">bafep.scp.ac.at\/fachbibliothek<\/a><\/p>\n","protected":false},"excerpt":{"rendered":"<p>\u00d6ffnungszeiten . Zentrale Schulbibliothek Stand: 19.02.2026, pdf Ge\u00f6ffnet t\u00e4glich ab 7:55 Uhr und in der 10-Uhr-Pause Montag 07:55 &#8211; 09:10 10:05 &#8211; 10:20 Dienstag 07:55 &#8211; 08:20 10:05 &#8211; 10:20 11:15 &#8211; 11:50 Mittwoch 07:55 &#8211; 09:10 10:05 &#8211; 10:20<\/p>\n","protected":false},"author":1,"featured_media":0,"parent":0,"menu_order":125,"comment_status":"closed","ping_status":"closed","template":"","meta":{"footnotes":""},"class_list":["post-369","page","type-page","status-publish","hentry"],"publishpress_future_action":{"enabled":false,"date":"2026-05-07 12:30:34","action":"Draft","newStatus":"draft","terms":[],"taxonomy":"","extraData":[]},"publishpress_future_workflow_manual_trigger":{"enabledWorkflows":[]},"_links":{"self":[{"href":"https:\/\/bib.scp.ac.at\/index.php?rest_route=\/wp\/v2\/pages\/369","targetHints":{"allow":["GET"]}}],"collection":[{"href":"https:\/\/bib.scp.ac.at\/index.php?rest_route=\/wp\/v2\/pages"}],"about":[{"href":"https:\/\/bib.scp.ac.at\/index.php?rest_route=\/wp\/v2\/types\/page"}],"author":[{"embeddable":true,"href":"https:\/\/bib.scp.ac.at\/index.php?rest_route=\/wp\/v2\/users\/1"}],"replies":[{"embeddable":true,"href":"https:\/\/bib.scp.ac.at\/index.php?rest_route=%2Fwp%2Fv2%2Fcomments&post=369"}],"version-history":[{"count":283,"href":"https:\/\/bib.scp.ac.at\/index.php?rest_route=\/wp\/v2\/pages\/369\/revisions"}],"predecessor-version":[{"id":2766,"href":"https:\/\/bib.scp.ac.at\/index.php?rest_route=\/wp\/v2\/pages\/369\/revisions\/2766"}],"wp:attachment":[{"href":"https:\/\/bib.scp.ac.at\/index.php?rest_route=%2Fwp%2Fv2%2Fmedia&parent=369"}],"curies":[{"name":"wp","href":"https:\/\/api.w.org\/{rel}","templated":true}]}}